 105?
True
Is 900 a multiple of 19?
False
Does 17 divide 582?
False
Does 12 divide 2556?
True
Is 4126 a multiple of 22?
False
Is 5 a factor of 554?
False
Is 76 a factor of 1655?
False
Is 10570 a multiple of 14?
True
Is 1222 a multiple of 94?
True
Is 27654 a multiple of 33?
True
Is 2530 a multiple of 22?
True
Does 5 divide 2441?
False
Is 26007 a multiple of 41?
False
Is 2081 a multiple of 14?
False
Does 7 divide 189?
True
Does 22 divide 3498?
True
Is 19428 a multiple of 3?
True
Is 13629 a multiple of 77?
True
Is 74 a factor of 2886?
True
Does 16 divide 34446?
False
Does 11 divide 3302?
False
Is 5876 a multiple of 113?
True
Is 23125 a multiple of 8?
False
Is 43 a factor of 1161?
True
Is 33 a factor of 2112?
True
Does 6 divide 319?
False
Does 25 divide 28575?
True
Is 368 a multiple of 16?
True
Is 23 a factor of 690?
True
Does 152 divide 43669?
False
Does 161 divide 14363?
False
Is 30 a factor of 24296?
False
Is 260 a multiple of 26?
True
Is 6 a factor of 1631?
False
Does 7 divide 3728?
False
Does 11 divide 1507?
True
Is 18 a factor of 1224?
True
Is 8 a factor of 1339?
False
Is 17 a factor of 2414?
True
Is 2870 a multiple of 6?
False
Is 139956 a multiple of 321?
True
Is 15 a factor of 33840?
True
Does 43 divide 76?
False
Is 166320 a multiple of 198?
True
Is 1953 a multiple of 21?
True
Is 24 a factor of 197?
False
Is 130 a factor of 9046?
False
Does 106 divide 36648?
False
Does 148 divide 141784?
True
Is 8 a factor of 439?
False
Does 16 divide 9424?
True
Is 5310 a multiple of 3?
True
Does 97 divide 1850?
False
Is 6052 a multiple of 17?
True
Does 3 divide 30?
True
Is 10 a factor of 14120?
True
Is 232 a multiple of 16?
False
Does 29 divide 7174?
False
Is 2 a factor of 7777?
False
Does 7 divide 3269?
True
Does 27 divide 1288?
False
Does 18 divide 1446?
False
Does 15 divide 1500?
True
Is 7875 a multiple of 63?
True
Is 6608 a multiple of 14?
True
Does 69 divide 1173?
True
Is 26 a multiple of 2?
True
Is 4 a factor of 820?
True
Is 16 a factor of 3232?
True
Is 209 a factor of 66818?
False
Is 30 a factor of 10832?
False
Is 10 a factor of 3410?
True
Is 40686 a multiple of 6?
True
Is 16 a factor of 320?
True
Is 42 a factor of 1302?
True
Is 8797 a multiple of 3?
False
Is 8970 a multiple of 162?
False
Is 15 a factor of 4184?
False
Is 14 a factor of 42652?
False
Does 62 divide 9416?
False
Is 52 a multiple of 4?
True
Is 46 a multiple of 41?
False
Does 12 divide 219?
False
Is 16 a factor of 1840?
True
Is 15 a factor of 3143?
False
Does 11 divide 33660?
True
Is 16639 a multiple of 11?
False
Is 22 a factor of 1464?
False
Does 23 divide 28744?
False
Is 16 a factor of 1984?
True
Is 913 a multiple of 10?
False
Does 105 divide 16065?
True
Does 9 divide 614?
False
Is 5612 a multiple of 10?
False
Does 68 divide 10831?
False
Is 260 a multiple of 24?
False
Is 10 a factor of 1860?
True
Does 9 divide 3106?
False
Does 9 divide 8694?
True
Is 856 a multiple of 28?
False
Does 9 divide 3429?
True
Does 18 divide 504?
True
Does 18 divide 8550?
True
Is 5862 a multiple of 14?
False
Is 44 a factor of 5060?
True
Is 13 a factor of 4224?
False
Is 8 a factor of 97?
False
Is 48 a factor of 297?
False
Is 22535 a multiple of 17?
False
Is 11 a factor of 10461?
True
Does 19 divide 5356?
False
Is 2049 a multiple of 57?
False
Does 62 divide 7688?
True
Does 27 divide 108?
True
Does 14 divide 3556?
True
Is 14 a factor of 1934?
False
Is 13 a factor of 1872?
True
Is 116 a factor of 15660?
True
Is 24 a factor of 10200?
True
Is 5721 a multiple of 58?
False
Is 10335 a multiple of 159?
True
Is 27 a factor of 10897?
False
Does 5 divide 190?
True
Is 68706 a multiple of 33?
True
Does 19 divide 59495?
False
Is 51132 a multiple of 12?
True
Is 18018 a multiple of 78?
True
Is 96 a multiple of 6?
True
Is 848 a multiple of 4?
True
Does 100 divide 8052?
False
Is 3 a factor of 64?
False
Is 3 a factor of 32004?
True
Is 26 a factor of 3484?
True
Is 301 a factor of 39431?
True
Is 497 a multiple of 71?
True
Does 49 divide 44394?
True
Does 14 divide 4573?
False
Is 50 a factor of 19813?
False
Is 14 a factor of 6230?
True
Is 3 a factor of 1866?
True
Is 19 a factor of 2071?
True
Is 8 a factor of 7832?
True
Is 42480 a multiple of 80?
True
Does 10 divide 257?
False
Is 25 a factor of 20475?
True
Is 910 a multiple of 26?
True
Does 36 divide 33307?
False
Is 40 a factor of 2323?
False
Is 62 a factor of 50920?
False
Does 2 divide 31?
False
Is 416 a multiple of 13?
True
Does 15 divide 5250?
True
Is 9860 a multiple of 116?
True
Is 2517 a multiple of 80?
False
Is 65 a factor of 260?
True
Is 14 a factor of 4102?
True
Is 6185 a multiple of 20?
False
Does 21 divide 693?
True
Is 5 a factor of 316?
False
Does 55 divide 4612?
False
Is 93098 a multiple of 28?
False
Is 36 a factor of 17229?
False
Is 12 a factor of 10620?
True
Is 3704 a multiple of 130?
False
Is 17305 a multiple of 49?
False
Does 19 divide 912?
True
Is 277 a factor of 20360?
False
Does 78 divide 2345?
False
Is 23 a factor of 14589?
False
Is 9216 a multiple of 144?
True
Is 57050 a multiple of 373?
False
Does 36 divide 3160?
False
Is 68040 a multiple of 84?
True
Does 12 divide 613?
False
Does 20 divide 520?
True
Does 39 divide 751?
False
Is 31 a factor of 80686?
False
Does 38 divide 455?
False
Is 5 a factor of 1995?
True
Is 360 a multiple of 12?
True
Is 31 a factor of 9203?
False
Is 10035 a multiple of 9?
True
Does 21 divide 13608?
True
Is 11 a factor of 16917?
False
Is 711 a multiple of 18?
False
Is 497 a multiple of 26?
False
Is 9 a factor of 9625?
False
Is 110 a factor of 17519?
False
Does 14 divide 8442?
True
Does 62 divide 22934?
False
Is 13 a factor of 11479?
True
Is 32 a factor of 1094?
False
Is 53 a factor of 10587?
False
Is 69 a factor of 897?
True
Does 17 divide 1103?
False
Is 7296 a multiple of 114?
True
Does 13 divide 195?
True
Is 7 a factor of 15536?
False
Does 7 divide 26470?
False
Does 19 divide 17879?
True
Is 64 a factor of 9449?
False
Does 88 divide 48618?
False
Is 18313 a multiple of 104?
False
Is 312 a multiple of 9?
False
Is 8 a factor of 11825?
False
Does 10 divide 9300?
True
Is 16 a factor of 20352?
True
Does 15 divide 2655?
True
Is 1265 a multiple of 55?
True
Is 17 a factor of 148?
False
Is 52 a multiple of 52?
True
Does 104 divide 33513?
False
Is 114917 a multiple of 123?
False
Is 55609 a multiple of 19?
False
Is 13 a factor of 910?
True
Does 6 divide 150?
True
Is 18 a multiple of 9?
True
Is 44 a factor of 2301?
False
Does 40 divide 938?
False
Is 1810 a multiple of 37?
False
Does 54 divide 962?
False
Is 18 a factor of 491?
False
Is 39987 a multiple of 12?
False
Is 104 a multiple of 6?
False
Is 11 a factor of 1496?
True
Is 901 a multiple of 8?
False
Does 116 divide 24979?
False
Is 31 a factor of 1965?
False
Does 3 divide 78?
True
Is 6 a factor of 3066?
True
Does 23 divide 12837?
False
Does 18 divide 510?
False
Is 3075 a multiple of 27?
False
Is 687 a multiple of 10?
False
Is 624 a multiple of 39?
True
Is 13 a factor of 1014?
True
Is 124 a factor of 15315?
False
Is 8 a factor of 496?
True
Is 561 a multiple of 17?
True
Is 207 a multiple of 11?
False
Is 18 a factor of 3870?
True
Is 156 a multiple of 19?
False
Does 30 divide 202320?
True
Does 209 divide 15825?
False
Is 276 a multiple of 138?
True
Is 76 a factor of 31845?
False
Is 5586 a multiple of 19?
True
Is 1800 a multiple of 15?
True
Is 9 a factor of 36396?
True
Is 6 a factor of 576?
True
Does 55 divide 2970?
True
Does 129 divide 16512?
True
Is 37 a factor of 1631?
False
Is 18 a factor of 6265?
False
Is 15 a factor of 4890?
True
Is 20800 a multiple of 40?
True
Is 2432 a multiple of 64?
True
Is 55 a factor of 1265?
True
Is 7 a factor of 98?
True
Does 24 divide 848?
False
Does 71 divide 11930?
False
Is 8270 a multiple of 23?
False
Does 58 divide 406?
True
Is 35 a factor of 5656?
False
Is 18879 a multiple of 87?
True
Is 333 a multiple of 9?
True
Is 19 a factor of 1168?
False
Does 204 divide 75594?
False
Is 29 a factor of 626?
False
Does 9 divide 127?
False
Does 3 divide 263?
False
Does 55 divide 4786?
False
Does 77 divide 4081?
True
Is 11 a factor of 2100?
False
Is 29343 a multiple of 36?
False
Is 13 a factor of 803?
False
Is 69791 a multiple of 16?
False
Is 7 a factor of 11417?
True
Is 671 a multiple of 28?
False
Does 6 divide 216?
True
Is 3960 a multiple of 66?
True
Is 1524 a multiple of 12?
True
Is 